3286 divide 119002490?
True
Does 4052 divide 1634459292?
True
Is 12 a factor of 175185761?
False
Is 4362077697 a multiple of 1381?
True
Is 171 a factor of 1233363834?
True
Does 154 divide 1882514?
False
Does 760 divide 35664224?
False
Does 86 divide 383753?
False
Does 353 divide 41131560?
True
Does 608 divide 14631644?
False
Is 174724865 even?
False
Is 507 a factor of 30157881?
True
Is 1184419270 a multiple of 46?
True
Is 210279846 a multiple of 21?
True
Is 368 a factor of 149187330?
False
Does 129 divide 50410798?
False
Is 16364872 a multiple of 9?
False
Does 23 divide 44260669?
False
Is 899 a factor of 2437486009?
False
Is 112 a factor of 344052861?
False
Does 149 divide 69309138?
True
Is 249 a factor of 30264075?
False
Is 102824520 a multiple of 24?
True
Is 944984 a multiple of 38?
True
Does 1959 divide 186477068?
False
Does 48 divide 422005?
False
Does 345 divide 4251708?
False
Is 4177711 a multiple of 3?
False
Does 18 divide 561812692?
False
Is 118 a factor of 151587992?
True
Does 1037 divide 1157911089?
True
Is 700 a factor of 201098999?
False
Does 2546 divide 213767252?
True
Is 579537874 a multiple of 58?
False
Does 6809 divide 1863044535?
True
Does 3 divide 653852?
False
Is 2527066649 a multiple of 607?
True
Is 14 a factor of 7431606?
True
Is 16 a factor of 73078324?
False
Is 251 a factor of 29581856?
True
Does 8 divide 430202557?
False
Does 1064 divide 3248419986?
False
Is 112124184 a multiple of 12?
True
Does 250 divide 218722791?
False
Is 65920960 a multiple of 320?
True
Is 216 a factor of 263871432?
True
Is 2824178059 a multiple of 1033?
False
Does 96 divide 98931936?
True
Does 17 divide 60782152?
False
Is 556314486 a multiple of 8?
False
Is 11 a factor of 1687503?
False
Does 1247 divide 2364174930?
False
Is 1628 a factor of 2372223899?
False
Is 2584 a factor of 435000896?
True
Does 639 divide 1200550034?
False
Is 1282 a factor of 161103812?
True
Is 7 a factor of 18255931?
False
Is 429 a factor of 132022176?
True
Is 49 a factor of 53832990?
False
Is 79390333 a multiple of 289?
False
Is 12072590 a multiple of 43?
False
Is 4096 a factor of 34308723?
False
Is 2 a factor of 7096421?
False
Is 3157 a factor of 306478403?
True
Is 230 a factor of 326064849?
False
Does 16 divide 19967248?
True
Does 12 divide 1472832?
True
Does 7 divide 9366113?
False
Does 5 divide 24852040?
True
Is 26 a factor of 26249842?
False
Does 648 divide 119472235?
False
Is 95752797 a multiple of 6?
False
Is 1578 a factor of 732746359?
False
Does 5 divide 12325384?
False
Is 776886502 a multiple of 818?
True
Is 724 a factor of 230208832?
True
Is 4 a factor of 52284715?
False
Is 2539549878 a multiple of 643?
False
Is 68137341 a multiple of 817?
False
Is 29742906 a multiple of 118?
False
Is 730 a factor of 18607410?
False
Is 39097280 a multiple of 435?
False
Is 266 a factor of 154960162?
True
Is 64 a factor of 4458121702?
False
Is 4 a factor of 5058383?
False
Does 218 divide 4151810?
True
Is 10 a factor of 31584425?
False
Is 22 a factor of 65141141?
False
Is 137611293 a multiple of 60?
False
Does 300 divide 14736000?
True
Does 33 divide 393062660?
False
Is 240532931 a multiple of 24?
False
Does 82 divide 98601720?
True
Is 120856144 a multiple of 28?
False
Is 3368848 a multiple of 14?
True
Does 14 divide 696336941?
False
Is 4720175 a multiple of 376?
False
Does 1192 divide 54392152?
True
Is 3464 a factor of 69394312?
True
Does 16 divide 341301826?
False
Does 98 divide 27519341?
False
Is 113048832 a multiple of 256?
True
Is 6 a factor of 75243948?
True
Does 376 divide 7554153013?
False
Is 869006688 a multiple of 2256?
True
Is 1808 a factor of 43795184?
True
Is 129 a factor of 22844223?
True
Is 186 a factor of 11992976?
False
Does 44 divide 285473317?
False
Does 1982 divide 21991674?
False
Is 13 a factor of 280939893?
True
Is 62 a factor of 22059104?
True
Does 12 divide 45921732?
True
Is 25101881 a multiple of 188?
False
Is 1143951417 a multiple of 10017?
True
Is 50793499 a multiple of 35?
False
Is 20732220 a multiple of 54?
True
Is 56371491 a multiple of 59?
True
Is 2476209444 a multiple of 1396?
True
Is 400 a factor of 195604136?
False
Is 13482799 a multiple of 37?
False
Is 182191949 a multiple of 230?
False
Is 2747712833 a multiple of 218?
False
Is 385 a factor of 781556930?
True
Is 895452 a multiple of 111?
False
Does 4 divide 389501825?
False
Does 115 divide 74411325?
True
Is 442288062 a multiple of 25?
False
Is 92781096 a multiple of 284?
True
Is 10 a factor of 118502530?
True
Is 180206592 a multiple of 16?
True
Is 21553980 a multiple of 5110?
True
Is 477944764 a multiple of 38?
False
Is 47 a factor of 2710819?
True
Does 42 divide 1818727134?
True
Is 32934130 a multiple of 20?
False
Is 80293296 a multiple of 33?
False
Is 2480722601 a multiple of 24?
False
Is 993133382 a multiple of 428?
False
Is 85 a factor of 51544595?
True
Is 7 a factor of 4094867?
True
Does 10 divide 22740808?
False
Does 13 divide 262996084?
True
Is 14652640 a multiple of 68?
True
Is 55 a factor of 60831221?
False
Is 570965088 a multiple of 31?
False
Is 74189180 a multiple of 15?
False
Is 84044458 a multiple of 122?
True
Is 17 a factor of 142126494?
True
Is 122787644 a multiple of 1484?
True
Is 786945 a multiple of 15?
True
Is 1620910118 a multiple of 35?
False
Does 46 divide 20824568?
True
Is 60765268 a multiple of 49?
False
Does 2168 divide 13005832?
True
Is 488223876 a multiple of 2174?
True
Does 8 divide 29735472?
True
Does 112 divide 8823920?
True
Is 54846934 a multiple of 118?
False
Is 107440542 a multiple of 18?
True
Does 10 divide 35248920?
True
Is 12133758 a multiple of 994?
True
Is 3 a factor of 8491713?
True
Is 219570520 a multiple of 2015?
True
Is 93518964 a multiple of 11?
True
Is 68991019 a multiple of 3948?
False
Is 70354873 a multiple of 4665?
False
Is 1989 a factor of 187148988?
True
Does 17 divide 214766439?
False
Is 299 a factor of 12651395?
False
Is 96604854 a multiple of 37?
True
Is 45983387 a multiple of 33?
False
Is 12 a factor of 37801529?
False
Is 184 a factor of 299813457?
False
Does 415 divide 812527255?
True
Is 1791967510 a multiple of 83?
True
Is 39117432 a multiple of 8?
True
Does 516 divide 15677628?
True
Is 30 a factor of 714825960?
True
Is 1807 a factor of 523437452?
False
Does 3323 divide 792461781?
False
Is 503 a factor of 149377419?
True
Does 278 divide 25995894?
False
Does 452 divide 54253108?
True
Is 7402951 a multiple of 3?
False
Is 64001439 a multiple of 415?
False
Does 17 divide 2775252078?
False
Does 81 divide 112869774?
True
Does 102 divide 6728080?
False
Does 13 divide 149735074?
False
Is 700401421 a multiple of 50?
False
Does 17 divide 55463016?
False
Does 273 divide 496589503?
False
Does 324 divide 12986739?
False
Does 36 divide 96651052?
False
Does 367 divide 344350595?
True
Does 153 divide 818871016?
False
Is 1723512 a multiple of 6?
True
Does 50 divide 176495700?
True
Is 102 a factor of 1136183100?
True
Is 7 a factor of 4079138?
True
Is 27034261 a multiple of 2?
False
Is 5 a factor of 12963085?
True
Does 2 divide 124246628?
True
Is 4391198 a multiple of 2?
True
Does 66 divide 68922027?
False
Is 1409 a factor of 117328839?
True
Is 4994 a factor of 84158888?
True
Is 45 a factor of 306905535?
True
Does 321 divide 4351218218?
False
Is 121721838 a multiple of 5269?
False
Is 883569459 a multiple of 630?
False
Is 59550 a multiple of 6?
True
Is 14861198 a multiple of 22?
True
Is 3 a factor of 498702178?
False
Is 183 a factor of 421090648?
False
Is 195 a factor of 39107055?
True
Is 82703481 a multiple of 409?
True
Is 975317973 a multiple of 1351?
True
Is 43649330 a multiple of 2754?
False
Is 28 a factor of 314394556?
True
Is 642032800 a multiple of 95?
True
Is 4767 a factor of 102590607?
True
Does 4822 divide 815992964?
False
Is 3 a factor of 44612766?
True
Does 4671 divide 205805546?
False
Is 321 a factor of 14958982?
False
Is 135 a factor of 23740844?
False
Does 858 divide 520648529?
False
Does 45 divide 45454331?
False
Does 196 divide 120785000?
True
Is 3 a factor of 1407229?
False
Is 628259625 a multiple of 1305?
True
Is 5 a factor of 38885434?
False
Is 13 a factor of 23916643?
False
Is 86 a factor of 34032949?
False
Is 27408318 a multiple of 483?
True
Is 28717211 a multiple of 41?
False
Is 44 a factor of 243448086?
False
Does 2614 divide 1439589202